34222
33a7 (base 15) to base 16
2acd
What is -684 (base 13) in base 5?
-13442
Convert -745 (base 15) to base 9.
-2222
What is b3 (base 12) in base 9?
160
Convert 62714 (base 9) to base 5.
2311104
64062 (base 7) to base 12
91a6
-686 (base 10) to base 12
-492
3823 (base 9) to base 4
230220
Convert -100000101110 (base 2) to base 8.
-4056
What is 6161 (base 11) in base 5?
230144
What is -986 (base 15) in base 5?
-32101
Convert -2622 (base 9) to base 14.
-a04
What is -33 (base 16) in base 8?
-63
Convert 654 (base 16) to base 15.
730
What is 111110101110 (base 2) in base 7?
14463
What is 5324 (base 6) in base 15?
554
Convert -c21 (base 15) to base 16.
-aab
-51a9 (base 13) to base 15
-352d
What is -22054 (base 8) in base 4?
-2100230
Convert -6a0 (base 15) to base 10.
-1500
-112221021 (base 3) to base 6
-122224
Convert 3c89 (base 15) to base 16.
329a
13302310 (base 4) to base 12
16584
-111202 (base 3) to base 12
-26b
What is -489d (base 16) in base 5?
-1043324
What is -2678 (base 16) in base 5?
-303343
What is -482d (base 14) in base 10?
-12585
-7165 (base 13) to base 5
-1000011
What is 1003 (base 9) in base 3?
1000010
11131 (base 4) to base 12
251
Convert -3010 (base 5) to base 11.
-316
11101011 (base 2) to base 10
235
What is -243010 (base 5) in base 4?
-2032222
-51a (base 13) to base 8
-1544
8b1 (base 15) to base 16
7ae
What is -113 (base 11) in base 8?
-207
-1041 (base 7) to base 3
-111210
Convert 11010000000100 (base 2) to base 13.
60a4
-333222 (base 4) to base 7
-14610
What is -13002 (base 5) in base 7?
-2631
What is -18805 (base 9) in base 5?
-404141
What is -1100111011 (base 2) in base 13?
-4b8
What is -2b5 (base 13) in base 5?
-3421
340 (base 15) to base 11
609
Convert -11 (base 7) to base 15.
-8
-1434111 (base 5) to base 16
-7743
272 (base 14) to base 11
408
What is -1111111110 (base 2) in base 14?
-530
Convert 1102032 (base 4) to base 6.
40210
Convert -221102021 (base 3) to base 5.
-1043104
Convert 20010212 (base 3) to base 6.
32422
What is -e2b (base 15) in base 16?
-c77
-2a690 (base 11) to base 8
-124631
Convert 14 (base 9) to base 12.
11
Convert 555 (base 6) to base 14.
115
11111111 (base 2) to base 3
100110
-651a (base 11) to base 3
-102210222
What is -2110 (base 4) in base 7?
-301
What is 4ce (base 15) in base 14?
582
What is 191 (base 13) in base 16?
11f
110 (base 11) to base 13
a2
-11122222 (base 4) to base 13
-a138
What is 5a (base 12) in base 3?
2121
What is 243410 (base 5) in base 11?
6a31
What is -100100 (base 4) in base 15?
-495
-156 (base 13) to base 7
-462
Convert 100111010001 (base 2) to base 3.
10110002
Convert 231f (base 16) to base 2.
10001100011111
What is -613 (base 12) in base 16?
-36f
What is -5824 (base 12) in base 5?
-303240
Convert -7276 (base 14) to base 11.
-13893
Convert a5c (base 14) to base 5.
31132
Convert 781 (base 10) to base 7.
2164
Convert 876 (base 9) to base 11.
5a2
406 (base 8) to base 16
106
Convert -64a (base 13) to base 2.
-10000110100
12030222 (base 4) to base 11
18089
Convert -b535 (base 13) to base 2.
-110000111100000
101101010 (base 2) to base 3
111102
Convert -10000000100 (base 2) to base 3.
-1102002
Convert -150201 (base 7) to base 2.
-111000011101111
55739 (base 10) to base 4
31212323
What is 104344 (base 5) in base 10?
3724
What is 394d (base 14) in base 6?
114333
1010000111 (base 2) to base 10
647
Convert 1972 (base 13) to base 14.
1563
What is 23 (base 11) in base 2?
11001
Convert -1001022 (base 4) to base 15.
-1380
What is 3ca (base 13) in base 16?
2a1
What is 100011101011011 (base 2) in base 8?
43533
3616 (base 7) to base 16
538
What is 10002311 (base 4) in base 2?
100000010110101
Convert -37320 (base 8) to base 6.
-202240
What is -a9c (base 13) in base 2?
-11100011011
115620 (base 7) to base 5
1134411
Convert -2633 (base 9) to base 15.
-8b9
-1430 (base 6) to base 7
-1050
Convert -2135 (base 12) to base 16.
-e39
c2 (base 14) to base 5
1140
113354 (base 6) to base 5
303422
841 (base 9) to base 15
30a
What is 122210 (base 3) in base 11?
3a7
What is 11036 (base 7) in base 10?
2771
Convert -3969 (base 12) to base 5.
-202221
-111110100111101 (base 2) to base 5
-2011221
What is -12550 (base 7) in base 4?
-310213
Convert -110001010110 (base 2) to base 4.
-301112
What is -20254 (base 7) in base 12?
-2a37
What is 444200 (base 5) in base 3?
210022221
What is 100001221 (base 3) in base 7?
25165
What is 5d (base 16) in base 2?
1011101
Convert -a06 (base 11) to base 13.
-727
What is -212400 (base 5) in base 16?
-1c39
-323000 (base 5) to base 11
-82a0
What is 2213100 (base 4) in base 7?
43131
41405 (base 6) to base 5
134144
What is 28a (base 12) in base 3?
112121
Convert -1000011010001 (base 2) to base 8.
-10321
-6560 (base 8) to base 7
-13013
3cb6 (base 14) to base 6
121424
What is -18b32 (base 13) in base 15?
-e377
What is -1000110110 (base 2) in base 15?
-27b
What is 31981 (base 10) in base 12?
16611
Convert -22d (base 14) to base 12.
-301
Convert 3352 (base 7) to base 6.
5341
22c (base 13) to base 15
1a1
Convert -10100000111111 (base 2) to base 16.
-283f
Convert -24111 (base 7) to base 16.
-1857
Convert 16361 (base 7) to base 16.
1229
What is -857 (base 13) in base 3?
-1221202
-860 (base 11) to base 8
-2012
1196 (base 12) to base 11
1546
What is -11443 (base 5) in base 11?
-724
What is -222022 (base 3) in base 7?
-2033
Convert 310021 (base 5) to base 13.
4731
Convert -14943 (base 11) to base 5.
-1133401
What is -1201220122 (base 3) in base 5?
-2043244
What is 101002200 (base 3) in base 7?
30315
Convert -1111010110101111 (base 2) to base 7.
-351240
Convert 11111101 (base 2) to base 3.
100101
Convert -124223 (base 7) to base 11.
-16397
What is -110220 (base 3) in base 4?
-11130
What is -136 (base 10) in base 7?
-253
323236 (base 7) to base 14
1678d
Convert -14244 (base 6) to base 7.
-6406
Convert -222201000 (base 3) to base 6.
-230043
26c (base 13) to base 5
3203
165055 (base 8) to base 7
336531
Convert 220403 (base 5) to base 2.
1110110110011
What is -163c0 (base 14) in base 5?
-3240021
What is 9312 (base 14) in base 8?
61324
-16323 (base 7) to base 8
-11017
What is -785 (base 9) in base 12?
-458
-12110010 (base 3) to base 9
-5403
Convert -1162 (base 7) to base 6.
-2004
What is -120010022 (base 3) in base 16?
-2b10
2cb (base 14) to base 10
571
Convert 24335 (base 8) to base 11.
7950
What is -20100210 (base 3) in base 15?
-1593
-110234 (base 6) to base 2
-10001111001110
-c7 (base 13) to base 6
-431
What is -3022 (base 6) in base 14?
-354
Convert -4 (base 11) to base 12.
-4
Convert 0 (base 13) to base 10.
0
-46254 (base 9) to base 16
-786d
Convert b177 (base 14) to base 3.
1112211002
What is -11000001010 (base 2) in base 14?
-7c6
What is 12122302 (base 4) in base 14?
981c
Convert -7ab6 (base 16) to base 15.
-9494
What is 3652 (base 8) in base 7?
5502
1016 (base 7) to base 5
2411
What is 13034 (base 5) in base 2?
1111111011
Convert -258 (base 9) to base 4.
-3113
Convert 111011101101 (base 2) to base 3.
12020112
What is -293 (base 14) in base 3?
-201022
Convert -111111101111001 (base 2) to base 9.
-48678
What is 390a (base 11) in base 13?
2419
-14006 (base 9) to base 5
-300413
Convert -234 (base 14) to base 7.
-1164
111120122 (base 3) to base 7
40601
Convert -4a5 (base 12) to base 7.
-2021
Convert 3295 (base 11) to base 13.
1c8a
Convert 21011202 (base 3) to base 2.
1010001101111
What is -1602 (base 15) in base 2?
-1001001110111
-134667 (base 8) to base 12
-2361b
Convert -123 (base 5) to base 7.
-53
Convert -e8c (base 15) to base 13.
-1656
-10100011111 (base 2) to base 15
-5c6
What is 241 (base 7) in base 9?
151
-13303 (base 6) to base 16
-807
8885 (base 12) to base 2
11101011100101
What is 723 (base 16) in base 6?
12243
Convert 178 (base 12) to base 11.
1a5
What is 211ac (base 13) in base 12?
2a612
What is 6c17 (base 16) in base 14?
a127
205543 (base 6) to base 12
98b3
Convert 1022 (base 7) to base 11.
2a7
-11994 (base 11) to base 15
-5144
What is -14241 (base 5) in base 4?
-102230
What is -305 (base 8) in base 5?
-1242
-14366 (base 12) to base 6
-334210
What is 1ab (base 15) in base 13?
239
What is -101111001000100 (base 2) in base 6?
-303420
Convert -83 (base 16) to base 4.
-2003
Convert 2512 (base 7) to base 2.
1110101100
Convert -3a5 (base 14) to base 5.
-10413
What is -13020231 (base 4) in bas